at is the remainder when 23294 is divided by 128?
126
What is the remainder when 107 is divided by 19?
12
What is the remainder when 223 is divided by 59?
46
Calculate the remainder when 2529 is divided by 149.
145
What is the remainder when 63 is divided by 24?
15
What is the remainder when 3358 is divided by 101?
25
What is the remainder when 142 is divided by 77?
65
Calculate the remainder when 9 is divided by 5.
4
Calculate the remainder when 56 is divided by 9.
2
Calculate the remainder when 1221 is divided by 13.
12
What is the remainder when 306 is divided by 20?
6
What is the remainder when 586 is divided by 10?
6
Calculate the remainder when 3685 is divided by 1224.
13
Calculate the remainder when 1119 is divided by 185.
9
Calculate the remainder when 39 is divided by 7.
4
Calculate the remainder when 105 is divided by 53.
52
What is the remainder when 320 is divided by 72?
32
Calculate the remainder when 3040 is divided by 138.
4
What is the remainder when 3304 is divided by 24?
16
Calculate the remainder when 550 is divided by 92.
90
Calculate the remainder when 271 is divided by 34.
33
Calculate the remainder when 825 is divided by 204.
9
Calculate the remainder when 39 is divided by 31.
8
Calculate the remainder when 1681 is divided by 88.
9
Calculate the remainder when 1836 is divided by 11.
10
Calculate the remainder when 398 is divided by 50.
48
What is the remainder when 607 is divided by 202?
1
Calculate the remainder when 274 is divided by 226.
48
Calculate the remainder when 113 is divided by 46.
21
What is the remainder when 869 is divided by 29?
28
What is the remainder when 1087 is divided by 168?
79
What is the remainder when 320 is divided by 23?
21
What is the remainder when 120 is divided by 26?
16
Calculate the remainder when 804 is divided by 26.
24
Calculate the remainder when 119 is divided by 61.
58
Calculate the remainder when 235 is divided by 25.
10
What is the remainder when 103 is divided by 3?
1
Calculate the remainder when 97 is divided by 26.
19
Calculate the remainder when 213 is divided by 104.
5
What is the remainder when 439 is divided by 17?
14
What is the remainder when 349 is divided by 69?
4
Calculate the remainder when 419 is divided by 397.
22
Calculate the remainder when 1562 is divided by 265.
237
Calculate the remainder when 2298 is divided by 72.
66
Calculate the remainder when 17440 is divided by 18.
16
What is the remainder when 295 is divided by 26?
9
Calculate the remainder when 237 is divided by 16.
13
What is the remainder when 572 is divided by 149?
125
Calculate the remainder when 2686 is divided by 7.
5
Calculate the remainder when 1250 is divided by 58.
32
What is the remainder when 1078 is divided by 90?
88
Calculate the remainder when 1799 is divided by 30.
29
Calculate the remainder when 89 is divided by 28.
5
What is the remainder when 2859 is divided by 9?
6
Calculate the remainder when 320 is divided by 4.
0
Calculate the remainder when 349 is divided by 101.
46
Calculate the remainder when 1855 is divided by 58.
57
What is the remainder when 42467 is divided by 274?
271
Calculate the remainder when 268 is divided by 41.
22
Calculate the remainder when 411 is divided by 46.
43
Calculate the remainder when 464 is divided by 39.
35
Calculate the remainder when 119 is divided by 44.
31
What is the remainder when 306 is divided by 62?
58
Calculate the remainder when 668 is divided by 654.
14
What is the remainder when 516 is divided by 258?
0
Calculate the remainder when 102 is divided by 37.
28
What is the remainder when 293 is divided by 139?
15
Calculate the remainder when 162 is divided by 36.
18
What is the remainder when 36 is divided by 14?
8
What is the remainder when 392 is divided by 102?
86
What is the remainder when 87 is divided by 19?
11
What is the remainder when 119 is divided by 6?
5
Calculate the remainder when 134 is divided by 17.
15
Calculate the remainder when 115 is divided by 17.
13
What is the remainder when 359 is divided by 15?
14
Calculate the remainder when 1617 is divided by 81.
78
What is the remainder when 549 is divided by 83?
51
What is the remainder when 3307 is divided by 119?
94
What is the remainder when 276 is divided by 26?
16
What is the remainder when 260 is divided by 155?
105
What is the remainder when 796 is divided by 158?
6
What is the remainder when 4258 is divided by 22?
12
Calculate the remainder when 4701 is divided by 1170.
21
Calculate the remainder when 1504 is divided by 15.
4
Calculate the remainder when 367 is divided by 23.
22
What is the remainder when 46 is divided by 30?
16
What is the remainder when 399 is divided by 225?
174
Calculate the remainder when 2984 is divided by 103.
100
What is the remainder when 123 is divided by 28?
11
What is the remainder when 126 is divided by 34?
24
What is the remainder when 153 is divided by 52?
49
What is the remainder when 820 is divided by 767?
53
What is the remainder when 195 is divided by 99?
96
What is the remainder when 3885 is divided by 16?
13
Calculate the remainder when 800 is divided by 14.
2
Calculate the remainder when 193 is divided by 30.
13
What is the remainder when 58 is divided by 11?
3
What is the remainder when 245 is divided by 19?
17
Calculate the remainder when 38 is divided by 21.
17
Calculate the remainder when 521 is divided by 17.
11
Calculate the remainder when 2377 is divided by 68.
65
Calculate the remainder when 366 is divided by 165.
36
What is the remainder when 750 is divided by 23?
14
What is the remainder when 1128 is divided by 87?
84
Calculate the remainder when 4752 is divided by 144.
0
Calculate the remainder when 3667 is divided by 23.
10
What is the remainder when 3524 is divided by 126?
122
What is the remainder when 7737 is divided by 71?
69
Calculate the remainder when 514 is divided by 89.
69
Calculate the remainder when 68 is divided by 16.
4
Calculate the remainder when 18178 is divided by 20.
18
Calculate the remainder when 417 is divided by 30.
27
What is the remainder when 1732 is divided by 838?
56
Calculate the remainder when 169 is divided by 86.
83
Calculate the remainder when 686 is divided by 338.
10
Calculate the remainder when 91 is divided by 25.
16
Calculate the remainder when 385 is divided by 376.
9
Calculate the remainder when 586 is divided by 143.
14
What is the remainder when 225 is divided by 29?
22
What is the remainder when 936 is divided by 96?
72
Calculate the remainder when 816 is divided by 13.
10
Calculate the remainder when 814 is divided by 803.
11
What is the remainder when 401 is divided by 31?
29
What is the remainder when 85 is divided by 25?
10
Calculate the remainder when 282 is divided by 9.
3
What is the remainder when 1301 is divided by 31?
30
What is the remainder when 610 is divided by 36?
34
What is the remainder when 8967 is divided by 147?
0
Calculate the remainder when 1484 is divided by 374.
362
What is the remainder when 269 is divided by 105?
59
What is the remainder when 1056 is divided by 53?
49
Calculate the remainder when 354 is divided by 119.
116
Calculate the remainder when 1632 is divided by 149.
142
What is the remainder when 13095 is divided by 74?
71
Calculate the remainder when 206 is divided by 7.
3
Calculate the remainder when 260 is divided by 38.
32
Calculate the remainder when 1587 is divided by 41.
29
What is the remainder when 87 is divided by 16?
7
Calculate the remainder when 140 is divided by 110.
30
Calculate the remainder when 328 is divided by 33.
31
Calculate the remainder when 211 is divided by 50.
11
What is the remainder when 957 is divided by 24?
21
What is the remainder when 32 is divided by 7?
4
Calculate the remainder when 1117 is divided by 219.
22
What is the remainder when 110 is divided by 85?
25
Calculate the remainder when 1101 is divided by 61.
3
Calculate the remainder when 952 is divided by 133.
21
What is the remainder when 27 is divided by 2?
1
What is the remainder when 6275 is divided by 86?
83
Calculate the remainder when 1204 is divided by 34.
14
What is the remainder when 105 is divided by 11?
6
What is the remainder when 776 is divided by 321?
134
Calculate the remainder when 1405 is divided by 84.
61
Calculate the remainder when 5